e
Is 651174785 composite?
True
Is 15207515137 prime?
False
Is 467453209 prime?
False
Is 18210758011 a composite number?
True
Is 1623262159 composite?
False
Is 11623441451 prime?
True
Is 1748511937 a prime number?
True
Is 4109955167 prime?
True
Is 223605842743 a composite number?
False
Is 2951754431 a prime number?
True
Is 3941077429 a composite number?
False
Is 7994155111 a composite number?
True
Is 13043924423 prime?
True
Is 8559945209 composite?
False
Is 1015995278 a prime number?
False
Is 1571721566 a prime number?
False
Is 42447886982 composite?
True
Is 2364975929 prime?
False
Is 618474271 a composite number?
True
Is 2765259619 a composite number?
False
Is 610126201 a composite number?
False
Is 1645424987 prime?
True
Is 77530175003 a composite number?
True
Is 575452391 a prime number?
True
Is 1105986647 a prime number?
False
Is 10031320433 prime?
False
Is 3277602947 prime?
False
Is 3270218333 a prime number?
True
Is 226088440753 a composite number?
True
Is 26416312453 a prime number?
True
Is 1652629291 a composite number?
True
Is 11519582899 a prime number?
False
Is 6278477561 prime?
True
Is 965329061 a prime number?
False
Is 2701338949 a prime number?
False
Is 36051746207 a composite number?
False
Is 13297943599 prime?
True
Is 36931748369 a composite number?
True
Is 117621659 a composite number?
False
Is 20233703101 a prime number?
True
Is 6976208789 a composite number?
True
Is 458502467 composite?
True
Is 6884492959 a composite number?
True
Is 2539475767 prime?
False
Is 1971673673 composite?
False
Is 89902629497 prime?
False
Is 914551471 a composite number?
False
Is 282804359041 composite?
False
Is 1765490183 a prime number?
False
Is 14872385487 a composite number?
True
Is 1286597297 a composite number?
False
Is 25534147931 a composite number?
True
Is 3235229411 composite?
False
Is 265906573 a prime number?
False
Is 20360518847 a prime number?
False
Is 2944781673 a composite number?
True
Is 5361398023 composite?
False
Is 2309434118 prime?
False
Is 258609679 composite?
False
Is 682138843 a prime number?
True
Is 79869813437 prime?
True
Is 1901720531 composite?
True
Is 12303523217 a composite number?
True
Is 2794876097 a composite number?
True
Is 2600875999 prime?
False
Is 745790813 a composite number?
True
Is 50536750609 composite?
False
Is 71533326023 prime?
True
Is 633828583 a composite number?
False
Is 229800433 a prime number?
True
Is 145881969577 a prime number?
False
Is 173557619 prime?
True
Is 616278049 a composite number?
False
Is 27914313803 a prime number?
False
Is 187189507 composite?
True
Is 238305559 composite?
False
Is 5830255318 a prime number?
False
Is 174775817 a composite number?
False
Is 112702566917 composite?
False
Is 99025151603 composite?
True
Is 7838614379 prime?
True
Is 1659414067 a composite number?
False
Is 490813822 a prime number?
False
Is 10815774829 prime?
True
Is 99818320769 prime?
False
Is 12463266723 prime?
False
Is 34004480767 a prime number?
False
Is 41990061095 prime?
False
Is 4641007741 prime?
True
Is 255332377 a prime number?
False
Is 994517063 a composite number?
True
Is 9840477223 a composite number?
False
Is 28867306417 composite?
True
Is 664927735 a composite number?
True
Is 8985631847 prime?
True
Is 491657917 composite?
True
Is 10530448799 composite?
True
Is 564622129 a prime number?
False
Is 12580728029 composite?
False
Is 278943907 a composite number?
True
Is 5307621593 composite?
True
Is 29364433559 prime?
True
Is 16776589717 composite?
False
Is 110339657 a prime number?
True
Is 190776877 composite?
True
Is 335315291 composite?
True
Is 163064783417 a composite number?
False
Is 9679139203 a prime number?
True
Is 44658007777 composite?
True
Is 819389479 prime?
True
Is 14117370467 a composite number?
False
Is 2755667749 a composite number?
True
Is 47857202149 prime?
True
Is 627826379 prime?
False
Is 8187981211 composite?
True
Is 48441593 prime?
True
Is 874943665 a prime number?
False
Is 706721047 prime?
True
Is 8142775019 prime?
True
Is 4581929413 a composite number?
False
Is 64963559693 a composite number?
True
Is 110477711 composite?
True
Is 4994615831 prime?
False
Is 928414441 a prime number?
False
Is 1885726333 composite?
True
Is 2097276017 a composite number?
False
Is 207869892533 prime?
True
Is 31195613455 a prime number?
False
Is 130802279 a composite number?
False
Is 590903161 composite?
False
Is 540195289 a prime number?
False
Is 153587648663 composite?
True
Is 77228188189 prime?
True
Is 28194173411 a composite number?
False
Is 151292939219 prime?
False
Is 15355099979 a composite number?
False
Is 32565430357 composite?
True
Is 245307329 a composite number?
False
Is 526537127 composite?
False
Is 657049219 composite?
True
Is 415338923 a prime number?
True
Is 106504027187 a prime number?
False
Is 995953055 prime?
False
Is 86017031 prime?
False
Is 1478154313 composite?
True
Is 51513121547 prime?
True
Is 1665518317 prime?
False
Is 43910430019 prime?
True
Is 604007653 composite?
False
Is 3370086809 a prime number?
True
Is 29977441679 a prime number?
True
Is 19434553214 a composite number?
True
Is 25397224471 prime?
False
Is 30529651583 composite?
False
Is 8494343047 composite?
False
Is 807941941 composite?
True
Is 3257480461 a composite number?
False
Is 83325852361 composite?
True
Is 387852313 composite?
False
Is 18012120131 a prime number?
True
Is 8533691539 a prime number?
False
Is 9034418231 composite?
False
Is 437446927 a composite number?
True
Is 46135450789 prime?
False
Is 128044015571 composite?
False
Is 57117144559 prime?
True
Is 81461281471 a composite number?
True
Is 1066986497 composite?
True
Is 1955372723 a composite number?
True
Is 12669086117 a prime number?
False
Is 822735013 a composite number?
False
Is 6483156721 prime?
True
Is 14906210647 composite?
False
Is 4067894203 a prime number?
True
Is 1919528159 a composite number?
True
Is 1022786318 a prime number?
False
Is 17946382121 a composite number?
False
Is 13738024441 a prime number?
True
Is 250885457 composite?
False
Is 2151438907 a prime number?
True
Is 141632453 a prime number?
True
Is 644717207 composite?
False
Is 10793852711 a composite number?
False
Is 148060762321 a prime number?
False
Is 39194895499 a composite number?
False
Is 4243138747 prime?
True
Is 2877560513 prime?
False
Is 674593849 composite?
True
Is 82517819 a prime number?
False
Is 72320659 a prime number?
True
Is 338123986 prime?
False
Is 2633087921 prime?
False
Is 3272634899 a composite number?
True
Is 450446621 prime?
False
Is 13587292451 composite?
False
Is 5497491137 prime?
True
Is 30503294303 a composite number?
True
Is 52186963879 composite?
True
Is 1672845319 prime?
False
Is 200734357 composite?
True
Is 16180459693 composite?
False
Is 6291552947 a composite number?
False
Is 1051183187 a composite number?
True
Is 9755131741 a composite number?
True
Is 28155529 composite?
False
Is 227238041 composite?
False
Is 539684471 composite?
True
Is 736348579 prime?
True
Is 102172396817 composite?
False
Is 1427123149 prime?
False
Is 48768247769 composite?
True
Is 239694197 prime?
True
Is 14067185113 prime?
True
Is 15112841231 prime?
True
Is 356831827 prime?
False
Is 60948907 a composite number?
True
Is 1267563553 a prime number?
False
Is 20157792223 a composite number?
False
Is 1315144783 composite?
False
Is 5770006537 prime?
False
Is 20771509909 a prime number?
True
Is 2285268731 composite?
False
Is 143148448139 composite?
False
Is 3330313999 a prime number?
True
Is 1273410797 prime?
True
Is 4610728907 a composite number?
False
Is 849972463 a composite number?
False
Is 339677843 a prime number?
True
Is 13312102871 a composite number?
False
Is 3631443367 a composite number?
False
Is 2664529447 composite?
False
Is 22272872989 a prime number?
False
Is 35252717 a composite number?
False
Is 3026996929 prime?
False
Is 148864637 a prime number?
True
Is 309003437 composite?
False
Is 15516187693 prime?
True
Is 647974861 prime?
True
Is 2265101921 a prime number?
False
Is 1380841111 prime?
False
Is 965238917 a composite number?
True
Is 111022889 a prime number?
True
Is 5452644341 a composite number?
False
Is 7595089079 a prime number?
True
Is 5928943453 prime?
False
Is 1331154047 prime?
False
Is 12542266787 a composite number?
True
Is 14420779 composite?
False
Is 1042